t b be i(8). Suppose -b*v - 2 = h - 2*v, 4*v + 28 = 5*h. Let s be (1/(-1) - 0)*-4. What is the greatest common factor of h and s?
4
Let z be (-1 - 110/(-14))*21. Suppose -39*i + 3 = -38*i. Suppose -4*x = 4*s - z, -i*x + 3*s + 64 = -62. What is the greatest common divisor of x and 26?
13
Suppose 5*j + 3*r + 152 = 0, 0*r + 5*r + 76 = -2*j. Let a = j - -29. Calculate the greatest common factor of 2 and a.
1
Let v(c) = 42*c**2 + 2*c - 1. Let g be v(2). Let y = g - 103. Suppose 3*h - 6 = 0, x = -3*h + 59 + y. Calculate the greatest common divisor of x and 11.
11
Let h be (-247)/(-5) + (-2)/5. Suppose z - 3*z - 5*k = -h, -5*k - 5 = 0. Suppose 6 = 30*q - z*q. Calculate the highest common divisor of q and 22.
2
Let p = -321 - -99. Let j be (-3 - 0)/(9/p). Let i = 126 - j. Calculate the highest common factor of 130 and i.
26
Suppose -4*w + 5*i = -82, 2*w + i - 43 = 5. Suppose 5*q - 4*q + 5*y - 27 = 0, q - 5*y = -w. Calculate the greatest common factor of q and 6.
2
Let y = -13 - -21. Suppose 3*x - 3*j = -y*j + 24, -2*x + 5*j = -41. Let s be (78/(-4))/(9/(-12)). Calculate the highest common factor of x and s.
13
Suppose -5*s + 260 = -460. Let f(w) = w**2 - 7. Let y be f(5). Calculate the greatest common divisor of y and s.
18
Let r = -9 - -8. Let k(q) = -q**2 - 1. Let h be k(r). Let n = h + 11. Calculate the highest common divisor of n and 63.
9
Let y = 42 + -38. Suppose -4*h + 12 = -o - 404, 5*o + 400 = y*h. Calculate the greatest common divisor of h and 42.
21
Let i(z) = -86*z - 42. Let l be i(-7). What is the highest common divisor of 35 and l?
35
Suppose -a + 11 = 3. Let z(s) = 3*s - a*s + s. Let m be z(-3). Calculate the highest common factor of m and 8.
4
Let m(x) = x**3 - 15*x**2 - 12. Let w be m(15). Let r be 1/6 - 598/w. What is the greatest common factor of r and 20?
10
Let z(m) = -5*m**3 + m**2 - 2*m + 4. Let p be z(-3). Let f = p + -98. Let v = -216 - -300. What is the greatest common factor of f and v?
28
Let m(f) = -4*f**3 - 2*f**2 + 4*f + 4. Let d = -21 + 19. Let c be m(d). Let b be (-2)/5*150/(-6). What is the greatest common divisor of b and c?
10
Let w be (-984)/(-30) - (-4)/(-5). Calculate the greatest common divisor of w and 52.
4
Suppose o + 290 = 5*m, -320 = 2*m - 7*m - 5*o. Suppose a - m = -34. What is the highest common factor of 125 and a?
25
Let s be 80/14 + (-8)/(-28). Suppose s*o - 4*o - 30 = 0. What is the highest common factor of o and 6?
3
Let a(p) = 6*p - 15. Let x be ((-24)/9 - -1)*-3. Let n be a(x). Calculate the greatest common factor of 135 and n.
15
Suppose -4*w + 180 = -w. Let c(v) = -3*v**3 - 3*v**2 + v + 5. Let m be c(-2). What is the highest common divisor of w and m?
15
Suppose 40*w = -2063 + 11423. What is the highest common divisor of 1014 and w?
78
Let l = 115 - 60. What is the highest common divisor of l and 5?
5
Let q(f) = -f**2 - 15*f - 5. Let y be q(-9). Suppose -11*t - 12 = -15*t. Let n = t + 4. Calculate the greatest common factor of n and y.
7
Let h be ((-1)/(-3))/((-2)/(-90)). Suppose 325 = 5*y + 5*x, -300 - 10 = -5*y - 2*x. Calculate the greatest common divisor of h and y.
15
Let v be (-10)/(-2) - 1598*(8 + -10). Calculate the greatest common factor of v and 33.
33
Let q = -167 - -423. Suppose 32 = 12*u - q. What is the highest common factor of u and 72?
24
Let i(y) = y - 9. Let d be i(9). Suppose -3*m = -10*w + 9*w - 291, d = 2*m + 4*w - 208. Calculate the highest common divisor of m and 28.
14
Let h = 122 + -78. Suppose 12 = 7*o - 10*o. Let a be (0 + (-6)/o)/((-3)/(-8)). Calculate the highest common factor of h and a.
4
Let i be (-10)/(-4)*(-2 - -4). Suppose 0*g + i*g - 80 = 2*h, 2*h = -4*g + 64. Let w = g + -3. What is the highest common divisor of 13 and w?
13
Suppose 113 = -4*j + 773. What is the greatest common divisor of j and 66?
33
Let j = 254 - 198. Calculate the greatest common factor of 21 and j.
7
Let k be (2/6)/(3 - 1969/660). What is the highest common factor of 500 and k?
20
Let r = -42 - -44. Let b be (-7 + -1)/r - (27 - 89). Calculate the greatest common divisor of 145 and b.
29
Let c = 333 - 168. Suppose -2*u - 3 = -9. Suppose -3*v + 14 = u*h - 19, -4*v + 56 = h. What is the highest common factor of v and c?
15
Let y be 91/(-14)*-2*2. Let l = y + -22. Calculate the highest common factor of l and 12.
4
Let m(h) = -2*h**2 - 14*h + 76. Let w be m(-9). Calculate the highest common divisor of 44 and w.
4
Let i(z) = -z - 3. Let n be i(-4). Let q(j) = -52 - 2*j**3 + 8*j**2 - 6*j - j**2 + 61 + j**3. Let f be q(6). What is the highest common factor of n and f?
1
Let w = -33 + 37. Let n be 1/(-2)*(-507 + 4/w). Calculate the highest common divisor of n and 23.
23
Let g be 14/21 + (-158)/(-6). Suppose -9*n + 8*n = -135. What is the greatest common factor of g and n?
27
Suppose r = 0, 5*a = 2*r - r - 20. Let m = 14 + a. Let g(x) = -5*x - 115. Let q be g(-31). Calculate the greatest common divisor of q and m.
10
Let l = -160 - -209. Calculate the greatest common divisor of l and 7.
7
Let j(l) = 4*l**2 + 3*l + 9. Let h be j(-3). What is the highest common factor of h and 144?
36
Let n(t) = -2*t - 1. Let h be n(-3). Suppose 2*b = 3*m + 91, -3*b + 4*m = -173 + 37. Let s = b - 19. Calculate the greatest common factor of h and s.
5
Suppose -x - 641 = -2*a, 0 = 19*a - 20*a - 4*x + 316. What is the highest common factor of 720 and a?
80
Suppose 3*x + 9*f - 12*f - 78 = 0, -x - 5*f - 4 = 0. What is the greatest common divisor of 6 and x?
3
Let u(h) = 7*h + 53. Let d be u(5). Calculate the highest common factor of d and 22.
22
Let u(d) = d**2 - 34*d - 34. Let n be u(36). What is the highest common divisor of 171 and n?
19
Let n be 2*(0 - 8/(-2)). Let t = 71 - 67. What is the highest common factor of t and n?
4
Let o(m) = 2*m**2 + 5*m + 15. Let h be o(-7). Calculate the highest common factor of h and 104.
26
Suppose -62*m = 15*m - 1925. Let c(u) = -u**3 + 6*u**2 - 3*u. Let v be c(5). What is the greatest common divisor of m and v?
5
Let b(c) = c**3 + 5*c**2 - 7*c + 2. Let a be b(-6). Let o be 13/26*3/(3/(-10)). Let g be ((-7)/o + 1)*(-20)/(-6). What is the highest common divisor of a and g?
8
Let g be (-791)/(-7) + 0 + -1. Suppose -40 = -13*z + 51. What is the highest common divisor of z and g?
7
Let p = 422 - 354. What is the highest common divisor of 272 and p?
68
Let g = 61 + -65. Let v be 8/(-6 - -2)*g - -1. What is the greatest common factor of 72 and v?
9
Suppose -4*s = q - 3 - 0, 3*q + 2*s = 59. Let r = q + -18. Suppose -y + 124 = r*i, -5*i - y + 2*y = -116. Calculate the highest common factor of 3 and i.
3
Let w(o) = 2*o**3 + 13*o**2 - 8*o + 3. Let x be w(-7). Let j be (12/x)/((-27)/(-90)). Calculate the highest common divisor of 1 and j.
1
Let m be (-2)/(2 + 40/(-22)). Let a(z) = 3*z**2 - 2. Let x be a(-3). Let w = m + x. What is the highest common factor of w and 14?
14
Let m be 6*9/(-54)*-285. Calculate the highest common factor of m and 456.
57
Let g(q) be the third derivative of q**4/24 + 25*q**3/6 + 13*q**2. Let b be g(-19). Calculate the greatest common divisor of 12 and b.
6
Let v(b) be the third derivative of b**5/60 - b**4/12 + b**3 + 19*b**2. Let m be v(3). Calculate the highest common factor of m and 36.
9
Suppose 2*t = 5*k - 119 - 114, 3*t - 168 = -4*k. Let p = -76 - -45. Let m = p + k. What is the greatest common divisor of m and 7?
7
Let y(i) = -10*i**2 + 3*i + 1. Let d be y(-1). Let z be (-4 - 159/d - 1)*24. What is the greatest common divisor of z and 22?
22
Let p = 667 + -660. Calculate the highest common factor of p and 9.
1
Let n be (8/10)/((-26)/(-780)). What is the greatest common divisor of 276 and n?
12
Let s(q) = 7*q + 38. Let g(o) = 20*o + 113. Let h(v) = 6*g(v) - 17*s(v). Let n be h(-11). What is the greatest common factor of 84 and n?
21
Let z be 21 + (-3 + 4)/((-1)/(-3)). Suppose -2*s + z = -t + 2*t, -54 = -2*t + 2*s. What is the highest common divisor of t and 234?
26
Let t(f) = -6 - 4 - 7 + 6 - 12*f. Let a be t(-7). Let m = -38 + a. Calculate the highest common divisor of m and 7.
7
Suppose -5*x + 15 = -0*x. Suppose -x*m - 2*b - 26 = 0, 2*m - 3*b + 0*b + 26 = 0. Let k = m - -20. What is the highest common divisor of k and 10?
10
Let s(r) = r**3 - 8*r**2 + 3*r - 18. Let c be s(8). Suppose -c*j - 133 = -3*l - 2*j, 131 = 3*l - 2*j. Calculate the greatest common divi